mine c(-344).
2
Let n(o) = 202*o + 24607. Determine n(-122).
-37
Let r(q) = 8*q**2 - 2264*q + 22716. Give r(10).
876
Let i(o) = 2*o**2 + 788*o + 14250. What is i(-19)?
0
Let c(s) = 3037*s - 2538950. Give c(836).
-18
Let o(l) = 2*l**3 + 54*l**2 + 337*l + 113. Calculate o(-13).
464
Let j(z) = 2441*z - 25380. Give j(11).
1471
Let q(n) = -89*n + 21756. Determine q(223).
1909
Let z(q) = 59*q + 4249. Determine z(-77).
-294
Let o(r) = 6621*r - 417147. Calculate o(63).
-24
Let q(m) = m**3 + 3076*m**2 + 9189*m - 92. Give q(-3).
-2
Let d(m) = -7157*m - 86247. Determine d(-12).
-363
Let o(j) = j**3 - 159*j**2 + 5799*j + 5964. Give o(101).
5
Let c(p) = 10083*p + 232060. Calculate c(-23).
151
Let c(a) = -a**2 - 539*a + 234840. Determine c(285).
0
Let z(j) = j**3 + 19*j**2 - 110*j - 2551. Calculate z(-17).
-103
Let b(s) = 7*s**3 - 6*s**2 - 4*s - 53. Determine b(-4).
-581
Let v(w) = w**3 - 10*w**2 - 9*w - 240. What is v(13)?
150
Let p(q) = -5*q**2 - 51106*q - 306476. What is p(-6)?
-20
Let t(q) = -474*q**3 - 3792*q**2 + 18*q + 149. What is t(-8)?
5
Let m(f) = 6383*f + 357435. Calculate m(-56).
-13
Let r(k) = -110*k - 3192. Give r(-15).
-1542
Let o(n) = -12*n**2 + 17751*n + 106500. Give o(-6).
-438
Let l(z) = 12*z**2 - 793*z + 6216. What is l(57)?
3
Let m(k) = -72*k**2 + 16204*k - 900. Give m(225).
0
Let q(p) = p**2 + 422*p - 42503. Give q(84).
1
Let i(v) = 2*v**3 + 25*v**2 - 175*v + 90. Give i(-18).
-324
Let m(k) = -9*k**3 + 103*k**2 - 40*k + 30. Give m(11).
74
Let b(t) = 2*t**3 - 84*t**2 - 278*t + 8252. Calculate b(43).
-4
Let c(j) = -j**3 + 55*j**2 - 260*j - 521. Determine c(51).
-3377
Let t(w) = 9011*w - 1315606. Give t(146).
0
Let m(g) = -1609*g + 25731. Give m(16).
-13
Let m(p) = -7*p**2 - 757*p + 456. Give m(-109).
-198
Let d(b) = -49*b + 4277. Give d(84).
161
Let p(l) = l**3 + 28*l**2 - 226*l + 827. Calculate p(-35).
162
Let d(v) = -3487*v + 1405407. What is d(403)?
146
Let m(q) = -5*q**3 + 30*q**2 - 23*q + 57. Determine m(8).
-767
Let g(l) = 6123*l + 906232. Calculate g(-148).
28
Let b(q) = -264*q + 69809. Determine b(264).
113
Let k(g) = g**2 - 6069*g - 189138. Determine k(-31).
-38
Let t(w) = -w**2 + 15965*w + 239722. What is t(-15)?
22
Let x(d) = 2*d**3 + 94*d**2 - 1279*d + 253. Determine x(-58).
427
Let z(c) = 370*c - 22549. Determine z(61).
21
Let j(w) = 442*w - 19201. Calculate j(41).
-1079
Let g(l) = -l**2 + 1297*l + 153250. Calculate g(-109).
-4
Let j(g) = 5*g**3 - 360*g**2 - 405*g + 2865. What is j(73)?
-55
Let s(j) = -6*j**2 - 662*j - 12563. Determine s(-86).
-7
Let o(z) = 4*z**2 + 261*z - 422498. Determine o(294).
-20
Let i(a) = 2*a**3 - 98*a**2 - 155*a + 7266. Calculate i(49).
-329
Let z(h) = -1552*h - 13938. Calculate z(-9).
30
Let i(a) = 496*a + 44485. Determine i(-90).
-155
Let t(m) = -222*m**2 - 864*m + 92. Give t(-4).
-4
Let f(c) = 2*c**3 - 87*c**2 + 127*c + 310. Determine f(42).
352
Let t(q) = 2*q**2 + 365*q + 2583. Calculate t(-175).
-42
Let r(s) = -704*s + 20465. Give r(29).
49
Let o(y) = -473*y - 186848. Calculate o(-395).
-13
Let c(j) = -4*j**3 - 22*j**2 - 139*j + 42. Determine c(-6).
948
Let g(l) = 577*l**2 + 13263*l - 187. Determine g(-23).
-3
Let x(j) = -19841*j + 39701. What is x(2)?
19
Let x(g) = -g**3 - 83*g**2 + 16*g + 882. Calculate x(-83).
-446
Let k(r) = -r**2 - 53*r - 374. Determine k(-77).
-2222
Let q(n) = -10*n**2 + 133*n - 373. Determine q(9).
14
Let s(c) = c**3 + 140*c**2 + 2508*c + 1136. Give s(-119).
65
Let m(j) = j**2 - 18312*j + 237845. Calculate m(13).
-42
Let f(b) = -b**3 + 14*b**2 + 3279*b - 20048. What is f(6)?
-86
Let a(j) = -2*j**3 + 10*j**2 + 222*j + 19. Determine a(-10).
799
Let q(j) = 7301*j + 7272. Calculate q(-1).
-29
Let l(s) = 35550*s - 2417333. Give l(68).
67
Let t(z) = 3*z**2 + 30732*z + 429675. Calculate t(-14).
15
Let z(t) = -6525*t + 90762. Calculate z(14).
-588
Let g(b) = 435643*b + 6970327. Calculate g(-16).
39
Let u(b) = 8*b**2 + 2875*b + 23518. Determine u(-351).
1
Let v(r) = -10500*r + 21301. Calculate v(2).
301
Let p(t) = -35257*t - 423086. What is p(-12)?
-2
Let c(g) = 352*g - 34952. Calculate c(99).
-104
Let k(l) = l**3 + 2388*l**2 - 53021*l + 25. What is k(22)?
3
Let l(z) = 2*z**3 - 137*z**2 + 1261*z - 32. Give l(11).
-76
Let g(a) = -6*a**3 - 130*a**2 + 79*a + 740. Determine g(-22).
-30
Let a(t) = 4*t**2 - 4393*t + 8780. Calculate a(2).
10
Let h(x) = -2*x**2 - 16139*x + 64580. What is h(4)?
-8
Let s(z) = -126*z - 19409. Determine s(-144).
-1265
Let a(c) = -841*c + 93120. Determine a(110).
610
Let g(m) = m**3 - 58*m**2 - 1455*m + 17066. What is g(9)?
2
Let l(r) = 430*r - 1808. What is l(4)?
-88
Let l(p) = -7707*p - 72. Calculate l(0).
-72
Let y(l) = -935*l + 1922. What is y(2)?
52
Let o(f) = -f**3 - 6*f**2 + 9*f + 102. What is o(-5)?
32
Let v(m) = m**3 - 24*m**2 - 1042*m + 24506. Give v(23).
11
Let w(t) = t**2 - 1471*t + 116513. Calculate w(84).
5
Let b(p) = 2*p**3 - 4*p**2 + 3429*p + 6864. What is b(-2)?
-26
Let k(c) = -50*c**3 + 5810*c**2 - 1161*c + 115. What is k(116)?
-1
Let q(z) = -23*z**2 - 60*z + 649. Determine q(16).
-6199
Let x(y) = 343*y + 35245. What is x(-99)?
1288
Let m(q) = 15*q**3 - 117*q**2 - 27*q + 36. What is m(8)?
12
Let u(f) = f**3 - 160*f**2 - 163*f + 309. Give u(161).
-13
Let b(y) = -46290*y + 231425. Calculate b(5).
-25
Let d(y) = 646*y**2 + 340443*y + 535. What is d(-527)?
8
Let a(f) = -4*f**3 + 20*f**2 - 2312*f + 13945. Determine a(6).
-71
Let p(l) = -l**2 + 55*l + 22023. Determine p(182).
-1091
Let y(k) = -k**2 - 113*k - 2445. Give y(-76).
367
Let s(l) = -3715*l - 40225. What is s(-11)?
640
Let z(w) = 15*w + 626. Determine z(-18).
356
Let t(d) = 3783*d - 90814. Determine t(24).
-22
Let l(o) = -3*o**2 + 935*o - 25050. Determine l(282).
48
Let m(z) = -919*z + 40438. Calculate m(44).
2
Let u(n) = 2*n**2 + 159*n - 5870. Determine u(-93).
-3359
Let l(c) = 2*c**3 - 26*c**2 + 54284*c - 596634. Calculate l(11).
6
Let w(i) = 1591*i + 189334. Calculate w(-119).
5
Let r(i) = -687*i - 238467. Calculate r(-346).
-765
Let s(y) = 19*y**2 - 81*y - 485. What is s(-6)?
685
Let a(z) = 3269*z + 67499. Calculate a(-21).
-1150
Let t(p) = 15*p**3 - 605*p**2 + 768*p + 471. Give t(39).
3
Let w(c) = c**2 - 10625*c - 159605. What is w(-15)?
-5
Let q(f) = -2*f**3 + 11*f**2 - 77*f + 367. What is q(5)?
7
Let b(j) = -2*j**2 - 2066*j + 12466. What is b(-1039)?
-2
Let d(g) = g**3 + 32*g**2 - 157*g - 389. What is d(-36)?
79
Let q(i) = -i**3 - 25*i**2 + 120*i + 1368. Calculate q(-15).
-2682
Let i(b) = -2*b**2 - 145*b + 9030. What is i(-113)?
-123
Let z(a) = -2*a**3 - 94*a**2 - 184*a - 25. Determine z(-45).
155
Let s(o) = -4*o**2 - 9*o + 1196. Give s(-19).
-77
Let f(k) = 144*k**2 - 25771*k - 820. Determine f(179).
75
Let c(n) = -58*n**2 + 1553*n - 1168. Determine c(26).
2
Let t(p) = 3*p**2 - 1976*p - 3944. Determine t(-2).
20
Let w(k) = -223*k**2 - 231456*k + 18687. What is w(-1038)?
3
Let r(g) = -85*g**3 - 33*g**2 + 15*g + 16. Give r(1).
-87
Let o(m) = -3*m**3 + 678*m**2 - 1473*m + 28898. What is o(224)?
2
Let p(r) = -67*r - 3631. Determine p(-57).
188
Let g(m) = -3139*m + 19443. Calculate g(6).
609
Let y(d) = 1658*d - 1954782. Calculate y(1179).
0
Let i(s) = 31*s**2 - 60*s - 9. Determine i(4).
247
Let u(c) = -5236*c + 2193877. Determine u(419).
-7
Let m(i) = 536*i + 111937. What is m(-209)?
-87
Let f(o) = 171*o - 1107. Calculate f(-10).
-2817
Let w(c) = -9638*c - 28964. Give w(-3).
-50
Let l(f) = -f**3 - 22*f**2 + 23*f + 462. Determine l(-7).
-434
Let f(z) = 33*z + 3489. What is f(-105)?
24
Let g(q) = 799*q + 4196. What is g(-5)?
201
Let g(v) = -308*v - 48231. Calculate g(-154).
-799
Let v(d) = 1069*d + 341005. Give v(-319).
-6
Let m(a) = 4*a**3 - 12*a**2 + 23*a - 29. What is m(5)?
286
Let t(c) = -2*c**2 - 256624*c - 1026502. Determine t(-4).
-38
Let q(i) = -72*i**2 + 1007*i + 45. Determine q(14).
31
Let p(d) = -26*d**2 - 365*d + 47. What is p(-14)?
61
Let z(w) = -2*w**3 - 27*w**2 + 33*w + 322. Determine z(-14).
56
Let n(s) = 2607865*s - 5215738. Give n(2).
-8
Let q(m) = -802*m - 21789. Calculate q(-27).
-135
Let t(j) = -j**2 + 564*j + 813483. Give t(1227).
-18
Let t(k) = -k**3 + 3*k**2 - 533*k - 2134. Give t(-4).
110
Let v(a) = -7*a**3 + 19*a**2 + 62*a - 138. Give v(2).
6
Let f(n) = -197*n + 17638. Determine f(89).
105
Let w(t) = 3665*t - 1788533. Give w(488).
-13
Let q(j) = -2*j**3 - 1